 remainder when 431 is divided by 51?
23
Calculate the remainder when 41 is divided by 24.
17
What is the remainder when 2243 is divided by 22?
21
What is the remainder when 882 is divided by 59?
56
What is the remainder when 33044 is divided by 72?
68
Calculate the remainder when 22 is divided by 8.
6
What is the remainder when 457 is divided by 115?
112
What is the remainder when 138 is divided by 28?
26
Calculate the remainder when 119 is divided by 20.
19
What is the remainder when 81 is divided by 31?
19
Calculate the remainder when 75 is divided by 26.
23
What is the remainder when 1369 is divided by 333?
37
What is the remainder when 1521 is divided by 223?
183
Calculate the remainder when 1253 is divided by 57.
56
Calculate the remainder when 783 is divided by 21.
6
Calculate the remainder when 9330 is divided by 61.
58
What is the remainder when 18875 is divided by 78?
77
What is the remainder when 37 is divided by 16?
5
Calculate the remainder when 238 is divided by 48.
46
What is the remainder when 100 is divided by 11?
1
Calculate the remainder when 264 is divided by 63.
12
What is the remainder when 359 is divided by 15?
14
Calculate the remainder when 5656 is divided by 19.
13
What is the remainder when 1260 is divided by 104?
12
Calculate the remainder when 604 is divided by 36.
28
What is the remainder when 138 is divided by 35?
33
Calculate the remainder when 1657 is divided by 27.
10
What is the remainder when 168 is divided by 92?
76
Calculate the remainder when 347 is divided by 6.
5
Calculate the remainder when 382 is divided by 24.
22
What is the remainder when 455 is divided by 19?
18
What is the remainder when 3352 is divided by 43?
41
What is the remainder when 2817 is divided by 396?
45
What is the remainder when 1147 is divided by 4?
3
What is the remainder when 53 is divided by 14?
11
What is the remainder when 767 is divided by 73?
37
What is the remainder when 424 is divided by 209?
6
What is the remainder when 256 is divided by 24?
16
Calculate the remainder when 8138 is divided by 148.
146
Calculate the remainder when 3355 is divided by 144.
43
Calculate the remainder when 45 is divided by 5.
0
Calculate the remainder when 677 is divided by 85.
82
Calculate the remainder when 84 is divided by 51.
33
What is the remainder when 1079 is divided by 72?
71
Calculate the remainder when 23 is divided by 13.
10
Calculate the remainder when 201 is divided by 19.
11
What is the remainder when 432 is divided by 234?
198
What is the remainder when 523 is divided by 126?
19
What is the remainder when 420 is divided by 85?
80
Calculate the remainder when 219 is divided by 206.
13
What is the remainder when 289 is divided by 14?
9
What is the remainder when 195 is divided by 20?
15
What is the remainder when 741 is divided by 183?
9
What is the remainder when 366 is divided by 4?
2
What is the remainder when 768 is divided by 30?
18
Calculate the remainder when 11008 is divided by 5499.
10
What is the remainder when 206 is divided by 29?
3
What is the remainder when 368 is divided by 34?
28
Calculate the remainder when 789 is divided by 786.
3
Calculate the remainder when 24 is divided by 13.
11
Calculate the remainder when 208 is divided by 42.
40
What is the remainder when 1564 is divided by 174?
172
What is the remainder when 1281 is divided by 470?
341
What is the remainder when 111 is divided by 102?
9
What is the remainder when 48 is divided by 24?
0
Calculate the remainder when 716 is divided by 235.
11
What is the remainder when 869 is divided by 87?
86
Calculate the remainder when 3165 is divided by 3.
0
Calculate the remainder when 104 is divided by 37.
30
What is the remainder when 1801 is divided by 53?
52
What is the remainder when 637 is divided by 89?
14
What is the remainder when 253 is divided by 82?
7
Calculate the remainder when 3130 is divided by 55.
50
Calculate the remainder when 282 is divided by 35.
2
What is the remainder when 788 is divided by 10?
8
What is the remainder when 297 is divided by 100?
97
Calculate the remainder when 977 is divided by 35.
32
What is the remainder when 2797 is divided by 25?
22
Calculate the remainder when 101 is divided by 48.
5
Calculate the remainder when 158 is divided by 81.
77
What is the remainder when 215 is divided by 87?
41
What is the remainder when 54 is divided by 16?
6
Calculate the remainder when 2334 is divided by 1159.
16
Calculate the remainder when 119 is divided by 43.
33
Calculate the remainder when 309 is divided by 153.
3
Calculate the remainder when 342 is divided by 62.
32
What is the remainder when 164 is divided by 45?
29
Calculate the remainder when 9229 is divided by 16.
13
Calculate the remainder when 155 is divided by 39.
38
Calculate the remainder when 30 is divided by 2.
0
What is the remainder when 67 is divided by 10?
7
Calculate the remainder when 611 is divided by 24.
11
What is the remainder when 2281 is divided by 31?
18
Calculate the remainder when 127 is divided by 108.
19
Calculate the remainder when 820 is divided by 134.
16
Calculate the remainder when 2020 is divided by 203.
193
Calculate the remainder when 33 is divided by 17.
16
What is the remainder when 108 is divided by 26?
4
Calculate the remainder when 185 is divided by 59.
8
What is the remainder when 2806 is divided by 104?
102
What is the remainder when 244 is divided by 8?
4
Calculate the remainder when 1849 is divided by 122.
19
Calculate the remainder when 180 is divided by 48.
36
Calculate the remainder when 12781 is divided by 46.
39
What is the remainder when 251 is divided by 52?
43
What is the remainder when 52 is divided by 9?
7
What is the remainder when 96 is divided by 28?
12
Calculate the remainder when 170 is divided by 27.
8
What is the remainder when 2896 is divided by 26?
10
What is the remainder when 2030 is divided by 672?
14
What is the remainder when 19358 is divided by 55?
53
What is the remainder when 1046 is divided by 175?
171
Calculate the remainder when 827 is divided by 57.
29
What is the remainder when 1764 is divided by 23?
16
What is the remainder when 89 is divided by 10?
9
Calculate the remainder when 134 is divided by 18.
8
Calculate the remainder when 48 is divided by 19.
10
What is the remainder when 370 is divided by 120?
10
Calculate the remainder when 877 is divided by 4.
1
Calculate the remainder when 234 is divided by 47.
46
Calculate the remainder when 2453 is divided by 6.
5
Calculate the remainder when 972 is divided by 53.
18
Calculate the remainder when 3399 is divided by 6.
3
Calculate the remainder when 539 is divided by 265.
9
Calculate the remainder when 509 is divided by 73.
71
Calculate the remainder when 429 is divided by 39.
0
What is the remainder when 63 is divided by 13?
11
Calculate the remainder when 172 is divided by 112.
60
What is the remainder when 365 is divided by 110?
35
What is the remainder when 144 is divided by 29?
28
Calculate the remainder when 719 is divided by 149.
123
What is the remainder when 122 is divided by 40?
2
Calculate the remainder when 1143 is divided by 28.
23
Calculate the remainder when 534 is divided by 2.
0
Calculate the remainder when 837 is divided by 41.
17
What is the remainder when 72 is divided by 28?
16
Calculate the remainder when 815 is divided by 453.
362
Calculate the remainder when 116 is divided by 17.
14
Calculate the remainder when 348 is divided by 10.
8
What is the remainder when 192 is divided by 81?
30
Calculate the remainder when 1068 is divided by 218.
196
What is the remainder when 41 is divided by 9?
5
What is the remainder when 1793 is divided by 13?
12
Calculate the remainder when 141 is divided by 13.
11
What is the remainder when 172 is divided by 22?
18
Calculate the remainder when 1086 is divided by 285.
231
What is the remainder when 69 is divided by 36?
33
What is the remainder when 129 is divided by 69?
60
What is the remainder when 254 is divided by 187?
67
Calculate the remainder when 17 is divided by 3.
2
What is the remainder when 123 is divided by 22?
13
Calculate the remainder when 168 is divided by 27.
6
What is the remainder when 316 is divided by 278?
38
Calculate the remainder when 232 is divided by 34.
28
What is the remainder when 